{"id":258,"date":"2017-08-28T13:01:40","date_gmt":"2017-08-28T13:01:40","guid":{"rendered":"https:\/\/www.somasrsa.cat\/?page_id=258"},"modified":"2026-01-19T14:56:10","modified_gmt":"2026-01-19T14:56:10","slug":"analitiques","status":"publish","type":"page","link":"https:\/\/www.somasrsa.cat\/?page_id=258","title":{"rendered":"Anal\u00edtiques"},"content":{"rendered":"\n<p>Aqu\u00ed podeu consultar les anal\u00edtiques de xarxa i de les fonts naturals dels darrers anys:<\/p>\n\n\n\n<div class=\"wp-block-media-text is-stacked-on-mobile\" style=\"grid-template-columns:66% auto\"><figure class=\"wp-block-media-text__media\"><img loading=\"lazy\" decoding=\"async\" width=\"1024\" height=\"682\" src=\"https:\/\/www.somasrsa.cat\/wp-content\/uploads\/2025\/09\/laboratori7-1024x682.png\" alt=\"\" class=\"wp-image-13510 size-full\" srcset=\"https:\/\/www.somasrsa.cat\/wp-content\/uploads\/2025\/09\/laboratori7-1024x682.png 1024w, https:\/\/www.somasrsa.cat\/wp-content\/uploads\/2025\/09\/laboratori7-300x200.png 300w, https:\/\/www.somasrsa.cat\/wp-content\/uploads\/2025\/09\/laboratori7-768x512.png 768w, https:\/\/www.somasrsa.cat\/wp-content\/uploads\/2025\/09\/laboratori7-1536x1023.png 1536w, https:\/\/www.somasrsa.cat\/wp-content\/uploads\/2025\/09\/laboratori7.png 1666w\" sizes=\"auto, (max-width: 1024px) 100vw, 1024px\" \/><\/figure><div class=\"wp-block-media-text__content\">\n<p class=\"has-text-color has-link-color wp-elements-0dff63487b395294a2c06750a14c0131\" style=\"color:#3c659d\"><a href=\"https:\/\/www.somasrsa.cat\/?page_id=312\" data-type=\"link\" data-id=\"https:\/\/www.somasrsa.cat\/?page_id=312\">Anal\u00edtiques any <strong>2017<\/strong><\/a><\/p>\n\n\n\n<p class=\"has-text-color has-link-color wp-elements-28c11102c83aad6ef28acb3845ee7d8d\" style=\"color:#3c659d\"><a href=\"https:\/\/www.somasrsa.cat\/?page_id=943\" data-type=\"link\" data-id=\"https:\/\/www.somasrsa.cat\/?page_id=943\">Anal\u00edtiques any <strong>2018<\/strong><\/a><\/p>\n\n\n\n<p class=\"has-text-color has-link-color wp-elements-938a4cdbca96c3c8130b8569d40a0582\" style=\"color:#3c659d\"><a href=\"https:\/\/www.somasrsa.cat\/?page_id=2010\" data-type=\"link\" data-id=\"https:\/\/www.somasrsa.cat\/?page_id=2010\">Anal\u00edtiques any <strong>2019<\/strong><\/a><\/p>\n\n\n\n<p class=\"has-text-color has-link-color wp-elements-32f6e1bc765d18d1b50c5512af4513d3\" style=\"color:#3c659d\"><a href=\"https:\/\/www.somasrsa.cat\/?page_id=4187\" data-type=\"link\" data-id=\"https:\/\/www.somasrsa.cat\/?page_id=4187\">Anal\u00edtiques any <strong>2020<\/strong><\/a><\/p>\n\n\n\n<p class=\"has-text-color has-link-color wp-elements-8e470f904609398f0346e65cf0d1a4d4\" style=\"color:#3c659d\"><a href=\"https:\/\/www.somasrsa.cat\/?page_id=5069\" data-type=\"link\" data-id=\"https:\/\/www.somasrsa.cat\/?page_id=5069\">Anal\u00edtiques any <strong>2021<\/strong><\/a><\/p>\n\n\n\n<p class=\"has-text-color has-link-color wp-elements-756df2e6492523635f6d66664e4280e9\" style=\"color:#3c659d\"><a href=\"https:\/\/www.somasrsa.cat\/?page_id=8057\" data-type=\"link\" data-id=\"https:\/\/www.somasrsa.cat\/?page_id=8057\">Anal\u00edtiques any <strong>2022<\/strong><\/a><\/p>\n\n\n\n<p class=\"has-text-color has-link-color wp-elements-c617c17da7d10dfe809884f41a8efa66\" style=\"color:#3c659d\"><a href=\"https:\/\/www.somasrsa.cat\/?page_id=12757\" data-type=\"link\" data-id=\"https:\/\/www.somasrsa.cat\/?page_id=12757\">Anal\u00edtiques any <strong>2023<\/strong><\/a><\/p>\n\n\n\n<p class=\"has-text-color has-link-color wp-elements-ea56a5826502246610ce947fba50e33a\" style=\"color:#3c659d\"><a href=\"https:\/\/www.somasrsa.cat\/?page_id=12760\" data-type=\"link\" data-id=\"https:\/\/www.somasrsa.cat\/?page_id=12760\">Anal\u00edtiques any <strong>2024<\/strong><\/a><\/p>\n\n\n\n<p class=\"has-text-color has-link-color wp-elements-e08f4802c836c435287aefb78035fabe\" style=\"color:#3c659d\"><a href=\"https:\/\/www.somasrsa.cat\/?page_id=12763\" data-type=\"link\" data-id=\"https:\/\/www.somasrsa.cat\/?page_id=12763\">Anal\u00edtiques any <strong>2025<\/strong><\/a><\/p>\n\n\n\n<p><a href=\"https:\/\/www.somasrsa.cat\/wp-admin\/post.php?post=13758&amp;action=edit\" data-type=\"link\" data-id=\"https:\/\/www.somasrsa.cat\/wp-admin\/post.php?post=13758&amp;action=edit\"><mark style=\"background-color:rgba(0, 0, 0, 0);color:#3e618b\" class=\"has-inline-color\">Anal\u00edtiques any <strong>2026<\/strong><\/mark><\/a><\/p>\n<\/div><\/div>\n\n\n\n<p><\/p>\n","protected":false},"excerpt":{"rendered":"<p>Aqu\u00ed podeu consultar les anal\u00edtiques de xarxa i de les fonts naturals dels darrers anys: Anal\u00edtiques any 2017 Anal\u00edtiques any 2018 Anal\u00edtiques any 2019 Anal\u00edtiques any 2020 Anal\u00edtiques any 2021 &#8230;<\/p>\n","protected":false},"author":1,"featured_media":0,"parent":0,"menu_order":0,"comment_status":"closed","ping_status":"closed","template":"","meta":{"footnotes":""},"class_list":["post-258","page","type-page","status-publish","hentry"],"_links":{"self":[{"href":"https:\/\/www.somasrsa.cat\/index.php?rest_route=\/wp\/v2\/pages\/258","targetHints":{"allow":["GET"]}}],"collection":[{"href":"https:\/\/www.somasrsa.cat\/index.php?rest_route=\/wp\/v2\/pages"}],"about":[{"href":"https:\/\/www.somasrsa.cat\/index.php?rest_route=\/wp\/v2\/types\/page"}],"author":[{"embeddable":true,"href":"https:\/\/www.somasrsa.cat\/index.php?rest_route=\/wp\/v2\/users\/1"}],"replies":[{"embeddable":true,"href":"https:\/\/www.somasrsa.cat\/index.php?rest_route=%2Fwp%2Fv2%2Fcomments&post=258"}],"version-history":[{"count":31,"href":"https:\/\/www.somasrsa.cat\/index.php?rest_route=\/wp\/v2\/pages\/258\/revisions"}],"predecessor-version":[{"id":13780,"href":"https:\/\/www.somasrsa.cat\/index.php?rest_route=\/wp\/v2\/pages\/258\/revisions\/13780"}],"wp:attachment":[{"href":"https:\/\/www.somasrsa.cat\/index.php?rest_route=%2Fwp%2Fv2%2Fmedia&parent=258"}],"curies":[{"name":"wp","href":"https:\/\/api.w.org\/{rel}","templated":true}]}}