{"id":7137,"date":"2021-10-22T08:29:53","date_gmt":"2021-10-22T08:29:53","guid":{"rendered":"https:\/\/www.somasrsa.cat\/?page_id=7137"},"modified":"2026-03-19T11:37:44","modified_gmt":"2026-03-19T11:37:44","slug":"tarifes","status":"publish","type":"page","link":"https:\/\/www.somasrsa.cat\/?page_id=7137","title":{"rendered":"Tarifes"},"content":{"rendered":"\n<p>Aquestes s\u00f3n les tarifes vigents del Servei Municipal d&#8217;aig\u00fces de Ripoll.<\/p>\n\n\n\n<p>Pots descarregar-te les tarifes <a href=\"https:\/\/www.somasrsa.cat\/wp-content\/uploads\/2026\/03\/TARIFES-2026-SOMASRSA.pdf\" data-type=\"link\" data-id=\"https:\/\/www.somasrsa.cat\/wp-content\/uploads\/2025\/07\/TARIFES-RIPOLL-SOMASRSA-2025-vc-1.pdf\" target=\"_blank\" rel=\"noreferrer noopener\">aqu\u00ed<\/a><\/p>\n\n\n<div class=\"wp-block-image\">\n<figure class=\"aligncenter size-full is-resized\"><a href=\"https:\/\/www.somasrsa.cat\/wp-content\/uploads\/2026\/03\/TARIFES-2026-SOMASRSA.pdf\" target=\"_blank\" rel=\" noreferrer noopener\"><img loading=\"lazy\" decoding=\"async\" width=\"520\" height=\"784\" src=\"https:\/\/www.somasrsa.cat\/wp-content\/uploads\/2026\/03\/tarifes-1.png\" alt=\"\" class=\"wp-image-13891\" style=\"width:559px;height:auto\" srcset=\"https:\/\/www.somasrsa.cat\/wp-content\/uploads\/2026\/03\/tarifes-1.png 520w, https:\/\/www.somasrsa.cat\/wp-content\/uploads\/2026\/03\/tarifes-1-199x300.png 199w\" sizes=\"auto, (max-width: 520px) 100vw, 520px\" \/><\/a><\/figure>\n<\/div>\n\n<div class=\"wp-block-image\">\n<figure class=\"aligncenter size-full is-resized\"><a href=\"https:\/\/www.somasrsa.cat\/wp-content\/uploads\/2026\/03\/TARIFES-2026-SOMASRSA.pdf\" target=\"_blank\" rel=\" noreferrer noopener\"><img loading=\"lazy\" decoding=\"async\" width=\"524\" height=\"672\" src=\"https:\/\/www.somasrsa.cat\/wp-content\/uploads\/2026\/03\/tarfies-2.png\" alt=\"\" class=\"wp-image-13890\" style=\"width:559px;height:auto\" srcset=\"https:\/\/www.somasrsa.cat\/wp-content\/uploads\/2026\/03\/tarfies-2.png 524w, https:\/\/www.somasrsa.cat\/wp-content\/uploads\/2026\/03\/tarfies-2-234x300.png 234w\" sizes=\"auto, (max-width: 524px) 100vw, 524px\" \/><\/a><\/figure>\n<\/div>","protected":false},"excerpt":{"rendered":"<p>Aquestes s\u00f3n les tarifes vigents del Servei Municipal d&#8217;aig\u00fces de Ripoll. Pots descarregar-te les tarifes aqu\u00ed<\/p>\n","protected":false},"author":1,"featured_media":0,"parent":7135,"menu_order":0,"comment_status":"closed","ping_status":"closed","template":"","meta":{"footnotes":""},"class_list":["post-7137","page","type-page","status-publish","hentry"],"_links":{"self":[{"href":"https:\/\/www.somasrsa.cat\/index.php?rest_route=\/wp\/v2\/pages\/7137","targetHints":{"allow":["GET"]}}],"collection":[{"href":"https:\/\/www.somasrsa.cat\/index.php?rest_route=\/wp\/v2\/pages"}],"about":[{"href":"https:\/\/www.somasrsa.cat\/index.php?rest_route=\/wp\/v2\/types\/page"}],"author":[{"embeddable":true,"href":"https:\/\/www.somasrsa.cat\/index.php?rest_route=\/wp\/v2\/users\/1"}],"replies":[{"embeddable":true,"href":"https:\/\/www.somasrsa.cat\/index.php?rest_route=%2Fwp%2Fv2%2Fcomments&post=7137"}],"version-history":[{"count":21,"href":"https:\/\/www.somasrsa.cat\/index.php?rest_route=\/wp\/v2\/pages\/7137\/revisions"}],"predecessor-version":[{"id":13892,"href":"https:\/\/www.somasrsa.cat\/index.php?rest_route=\/wp\/v2\/pages\/7137\/revisions\/13892"}],"up":[{"embeddable":true,"href":"https:\/\/www.somasrsa.cat\/index.php?rest_route=\/wp\/v2\/pages\/7135"}],"wp:attachment":[{"href":"https:\/\/www.somasrsa.cat\/index.php?rest_route=%2Fwp%2Fv2%2Fmedia&parent=7137"}],"curies":[{"name":"wp","href":"https:\/\/api.w.org\/{rel}","templated":true}]}}