{"id":9,"date":"2017-04-26T12:53:44","date_gmt":"2017-04-26T12:53:44","guid":{"rendered":"https:\/\/www.somasrsa.cat\/?page_id=9"},"modified":"2025-11-20T09:25:03","modified_gmt":"2025-11-20T09:25:03","slug":"nosaltres","status":"publish","type":"page","link":"https:\/\/www.somasrsa.cat\/?page_id=9","title":{"rendered":"NOSALTRES"},"content":{"rendered":"\n<h1 class=\"wp-block-heading\">QUI SOM I QU\u00c8 FEM<\/h1>\n\n\n\n<div class=\"wp-block-cover\" style=\"min-height:267px;aspect-ratio:unset;\"><img loading=\"lazy\" decoding=\"async\" width=\"1024\" height=\"726\" class=\"wp-block-cover__image-background wp-image-13686 size-large\" alt=\"\" src=\"https:\/\/www.somasrsa.cat\/wp-content\/uploads\/2025\/11\/foto-portada-1024x726.png\" data-object-fit=\"cover\" srcset=\"https:\/\/www.somasrsa.cat\/wp-content\/uploads\/2025\/11\/foto-portada-1024x726.png 1024w, https:\/\/www.somasrsa.cat\/wp-content\/uploads\/2025\/11\/foto-portada-300x213.png 300w, https:\/\/www.somasrsa.cat\/wp-content\/uploads\/2025\/11\/foto-portada-768x545.png 768w, https:\/\/www.somasrsa.cat\/wp-content\/uploads\/2025\/11\/foto-portada-1536x1090.png 1536w, https:\/\/www.somasrsa.cat\/wp-content\/uploads\/2025\/11\/foto-portada.png 1748w\" sizes=\"auto, (max-width: 1024px) 100vw, 1024px\" \/><span aria-hidden=\"true\" class=\"wp-block-cover__background has-background-dim\" style=\"background-color:#1da1b0\"><\/span><div class=\"wp-block-cover__inner-container is-layout-flow wp-block-cover-is-layout-flow\">\n<p class=\"has-text-align-center has-large-font-size\"><strong>Empresa municipal gestora del servei d&#8217;aigua de Ripoll<\/strong><\/p>\n<\/div><\/div>\n\n\n\n<div style=\"height:20px\" aria-hidden=\"true\" class=\"wp-block-spacer\"><\/div>\n\n\n\n<h2 class=\"wp-block-heading\"><\/h2>\n\n\n\n<div class=\"wp-block-media-text is-stacked-on-mobile is-image-fill-element\" style=\"grid-template-columns:28% auto\"><figure class=\"wp-block-media-text__media\"><img loading=\"lazy\" decoding=\"async\" width=\"425\" height=\"723\" src=\"https:\/\/www.somasrsa.cat\/wp-content\/uploads\/2017\/05\/Captura-de-pantalla-2017-05-05-a-les-18.10.28.png\" alt=\"\" class=\"wp-image-152 size-medium\" style=\"object-position:50% 39%\" srcset=\"https:\/\/www.somasrsa.cat\/wp-content\/uploads\/2017\/05\/Captura-de-pantalla-2017-05-05-a-les-18.10.28.png 425w, https:\/\/www.somasrsa.cat\/wp-content\/uploads\/2017\/05\/Captura-de-pantalla-2017-05-05-a-les-18.10.28-176x300.png 176w\" sizes=\"auto, (max-width: 425px) 100vw, 425px\" \/><\/figure><div class=\"wp-block-media-text__content\">\n<div style=\"height:40px\" aria-hidden=\"true\" class=\"wp-block-spacer\"><\/div>\n\n\n\n<p class=\"has-text-align-left\">Somarsa, constitu\u00efda l\u2019any 1982, \u00e9s l\u2019empresa municipal gestora del servei d\u2019abastament d\u2019aigua potable i clavegueram de Ripoll.<\/p>\n\n\n\n<p>Captem, tractem i distribu\u00efm l\u2019aigua, garantint la seva potabilitat.<\/p>\n\n\n\n<div style=\"height:20px\" aria-hidden=\"true\" class=\"wp-block-spacer\"><\/div>\n\n\n\n<p class=\"has-text-align-left\">A trav\u00e9s de l\u2019atenci\u00f3 personalitzada i de la web, posem a la vostra disposici\u00f3 informacions i not\u00edcies relatives al servei d\u2019abastament i a l\u2019estat de l\u2019aigua; aix\u00ed com tota la documentaci\u00f3 necess\u00e0ria per a realitzar tr\u00e0mits a les nostres oficines. <\/p>\n\n\n\n<div style=\"height:20px\" aria-hidden=\"true\" class=\"wp-block-spacer\"><\/div>\n\n\n\n<p class=\"has-text-align-left\">Essent conscients que els recursos naturals s\u00f3n limitats i que cal fer un \u00fas responsable de l\u2019aigua, ens esforcem per donar el millor servei a la vila de Ripoll.<\/p>\n\n\n\n<div style=\"height:40px\" aria-hidden=\"true\" class=\"wp-block-spacer\"><\/div>\n<\/div><\/div>\n\n\n\n<p><\/p>\n","protected":false},"excerpt":{"rendered":"<p>QUI SOM I QU\u00c8 FEM<\/p>\n","protected":false},"author":1,"featured_media":0,"parent":0,"menu_order":0,"comment_status":"closed","ping_status":"closed","template":"","meta":{"footnotes":""},"class_list":["post-9","page","type-page","status-publish","hentry"],"_links":{"self":[{"href":"https:\/\/www.somasrsa.cat\/index.php?rest_route=\/wp\/v2\/pages\/9","targetHints":{"allow":["GET"]}}],"collection":[{"href":"https:\/\/www.somasrsa.cat\/index.php?rest_route=\/wp\/v2\/pages"}],"about":[{"href":"https:\/\/www.somasrsa.cat\/index.php?rest_route=\/wp\/v2\/types\/page"}],"author":[{"embeddable":true,"href":"https:\/\/www.somasrsa.cat\/index.php?rest_route=\/wp\/v2\/users\/1"}],"replies":[{"embeddable":true,"href":"https:\/\/www.somasrsa.cat\/index.php?rest_route=%2Fwp%2Fv2%2Fcomments&post=9"}],"version-history":[{"count":29,"href":"https:\/\/www.somasrsa.cat\/index.php?rest_route=\/wp\/v2\/pages\/9\/revisions"}],"predecessor-version":[{"id":13697,"href":"https:\/\/www.somasrsa.cat\/index.php?rest_route=\/wp\/v2\/pages\/9\/revisions\/13697"}],"wp:attachment":[{"href":"https:\/\/www.somasrsa.cat\/index.php?rest_route=%2Fwp%2Fv2%2Fmedia&parent=9"}],"curies":[{"name":"wp","href":"https:\/\/api.w.org\/{rel}","templated":true}]}}